 3*q - 22 = 0. What is the remainder when k(19) is divided by n?
6
Calculate the remainder when ((-138)/4 + 0)/(720/(-3840)) is divided by 51.
31
Suppose 0*i - 10 = -2*i - 2*w, 5*i - 3*w = 17. Suppose -33 - 11 = -i*p. What is the remainder when p is divided by 5?
1
Let x(u) = u**3 - 43*u**2 - 86*u - 153. What is the remainder when 91 is divided by x(45)?
10
Suppose 5*h + 17 = 2*t, 2*h + 4*t = 1 - 3. Let b be (-124)/(-6)*h/(-2). Suppose -3*k + 11 = -b. Calculate the remainder when 27 is divided by k.
13
Suppose -67 = -4*o - 83, 0 = -5*k + 5*o + 95. What is the remainder when 54 is divided by k?
9
Suppose 144 = -51*j + 57*j. Calculate the remainder when ((-15)/(-9))/((-1)/(-57)) is divided by j.
23
Calculate the remainder when 25 is divided by 24*((-21)/3)/(-28).
1
Suppose -2*z + 4*r = -298, -5*z - 3*r + 685 = 2*r. Calculate the remainder when z is divided by 64.
13
Let t = -5 + 5. Suppose 0 = -4*b - t*b + 5*a + 61, 4*a = -5*b + 25. Let r(n) = 2*n**2 - 12*n + 6. What is the remainder when r(b) is divided by 16?
12
Let q(y) = -y**3 - 5*y**2 - 5*y + 2. Let l = 181 + -179. What is the remainder when q(-4) is divided by l?
0
Let n(d) = -d**3 - 8*d**2 - 7*d. Let o be n(-6). Calculate the remainder when ((1968/o)/4)/((-4)/10) is divided by 21.
20
Let a(k) be the second derivative of k**3/3 + 4*k**2 + 10*k. What is the remainder when 32 is divided by a(2)?
8
Let m be 6/2 + -7 + -5. Let w be 87/27 - (-2)/m. Suppose -5*c + w*d = -5 - 3, 0 = -2*d + 8. Calculate the remainder when 14 is divided by c.
2
Let v be 7/(-4)*-5522*2. Let t be v/(-99) - 4/(-18). Calculate the remainder when t/(-21) - (-2)/(-7) is divided by 6.
3
Suppose -2*z + 105 = -9*z. Let w = z + 36. What is the remainder when w is divided by (-6 + 2)*(-4 - -2)?
5
Let n = 300 + -271. Let o = -8 + 12. Calculate the remainder when n is divided by o.
1
Suppose -j = -5*z - 368, 2*j + 1400 = 6*j - 2*z. Calculate the remainder when j is divided by 59.
53
Let j = -18190 - -18204. Let q(i) be the third derivative of i**5/20 + i**4/3 + 2*i**3/3 + i**2. What is the remainder when q(-5) is divided by j?
11
Let b = 55 + -52. Suppose y + b*y = 2*a + 180, 0 = y + 3*a - 59. Calculate the remainder when 137 is divided by y.
43
Suppose -5*q - 3*j - 36 = 0, 8 = q + 5*j + 2. Suppose -l - 2*l = i - 30, 3*l + 75 = 4*i. Let a = i - q. What is the remainder when a is divided by 11?
8
Let a(z) = -z**3 - 2*z**2 + 5*z + 4. Calculate the remainder when -5 + 48/4 - 0 - -70 is divided by a(-4).
13
Let l(b) = 10*b - 3. What is the remainder when 178 is divided by l(5)?
37
Suppose 3*b + 9 = -4*n, -4*n + 5*b - 49 = -0*b. Calculate the remainder when 31 is divided by ((-48)/18)/(4/n).
3
Suppose 2*b + 2 = 4*a, -9*b = -13*b + 2*a + 8. Suppose -5*j + u = -207, 7*j - 5*u - 174 = b*j. What is the remainder when 203 is divided by j?
39
Let h(j) = j**2 + 12*j + 5. Let u be h(-5). What is the remainder when 2/1 + (62 - -7) is divided by ((-24)/(-40))/((-1)/u)?
17
Suppose -4*a = -4*s + 16, 3*a - 16 = -5*s + 12. Calculate the remainder when 52 is divided by s*(8/(-4) + 3).
2
Let v(r) = -2*r**3 - 21*r**2 - 14*r + 2. Calculate the remainder when v(-10) is divided by 9.
6
Suppose -4*g = -12 - 8. Let b = g + 69. Calculate the remainder when b is divided by 38.
36
Let c(a) = -a**3 - 2*a**2. Let s be c(-2). Suppose 2*z - 51 = 3*f, -4*f - f + 5 = s. What is the remainder when z is divided by 7?
6
Let l(m) be the third derivative of -m**6/40 + m**5/30 - m**4/24 + 9*m**2. What is the remainder when l(-3) is divided by 26?
24
Let z(n) = -6*n + 4. Let h(k) = 2*k**2 - 8*k - 4. Let s be 20/(-15)*(1 - 4). Let d be h(s). What is the remainder when z(d) is divided by 6?
4
Let k = -381 + 686. Suppose -l = 2*l - 2*r - k, 4*l + 3*r - 418 = 0. What is the remainder when l is divided by 27?
22
Suppose 5*x - 173 = 4*f, -2*f + 95 = -4*x + 7*x. Calculate the remainder when 61 is divided by x.
28
Suppose -4*w + 357 = 3*x + 34, -2*w + 181 = -5*x. Let t be -8*5/10 - 25. Let f = w + t. What is the remainder when f is divided by 14?
12
Let p = -399 - -442. Calculate the remainder when p is divided by 13.
4
Suppose 89 - 599 = -3*v. Let h = v + -58. Calculate the remainder when h is divided by 29.
25
Let x be 0 + 2 + -107 + 10. Let c = -85 - x. What is the remainder when 27 is divided by c?
7
Suppose -15 = -4*t - 7. What is the remainder when 22 is divided by (-15)/(-5) - (-8 - t)?
9
Suppose 2*y = 13 - 19. What is the remainder when 141 is divided by y/(-36)*3*36?
6
Suppose 18*o = 16*o + 46. Let g(m) = -m**3 - 7*m**2 - 2*m + 2. Let u be g(-11). Suppose -144 = 4*w - u. Calculate the remainder when w is divided by o.
22
Let k = 20 + -20. Suppose -b + 3*b - 7 = d, k = 2*b - 2*d - 6. Let r = 17 - b. What is the remainder when 24 is divided by r?
11
Let u = 346 + -214. Calculate the remainder when u is divided by (5 - 3)*15/2.
12
Let p be 73 + (-6 - -12) + (-3 - 0). Let a = p + -52. What is the remainder when a is divided by 13?
11
Let p(f) be the first derivative of 3*f + 1/3*f**3 - 1/4*f**4 + f**2 + 1. Calculate the remainder when 129 is divided by p(-3).
30
Let u = 6 - -29. Let a = u + -14. Suppose 0 = 3*i + 6*i - 54. What is the remainder when a is divided by i?
3
Suppose 0 = -3*q + 227 - 8. Let u = 253 + -215. Calculate the remainder when q is divided by u.
35
Calculate the remainder when 24 is divided by 5/(4 - -11) + 50/3.
7
Suppose 4*c - 3*c - 2 = 0. Suppose 2*w = -c*w + 12. Suppose w*m + 32 = 4*m. What is the remainder when m is divided by 11?
10
Let m(g) = 54*g - 411. What is the remainder when m(8) is divided by 4?
1
Suppose -3*j - 20 = -5*t - j, 0 = -t - j + 11. What is the remainder when 23 is divided by t?
5
Let x(u) = u**3 - 11*u**2 + 8*u + 8. Let r be x(10). Let i = 15 + r. Suppose -5 = -i*t + 40. What is the remainder when 40 is divided by t?
10
Let b = -1377 - -1659. What is the remainder when b is divided by 97?
88
Suppose 64*s - 10614 = -23*s. Calculate the remainder when s is divided by 42.
38
Let k be 3 + -86 + -2 + 3. Suppose -71 + 99 = 2*g. What is the remainder when -2 + (-1)/2*k is divided by g?
11
Suppose -366 = -219*c + 213*c. What is the remainder when 183 is divided by c?
0
Let p(d) = -d**2 + 3*d + 3. Let a be p(3). Suppose a*l - 5 = 2*l, 15 = -m + 5*l. Let t(u) = 11*u + 5. Calculate the remainder when t(3) is divided by m.
8
Suppose -20 = -5*k, -5*k - 50 = -8*z + 3*z. What is the remainder when 40 is divided by z?
12
Let k = -439 + 460. Calculate the remainder when k is divided by 11.
10
Let d be (16/4 - -11) + -3. Suppose -4*m + d = -3*m. Let y = -15 + 48. Calculate the remainder when y is divided by m.
9
Suppose t + 0*t + 4*u - 3 = 0, -u - 33 = 4*t. Calculate the remainder when 51 is divided by 0 - 25/5 - t.
3
Let d = 70 - 15. Calculate the remainder when d is divided by 7.
6
Suppose -k - 2*k = -60. Let l be (100/12)/((-1)/9). Let p = l - -133. Calculate the remainder when p is divided by k.
18
Suppose 0 = -690*x + 695*x - 2095. What is the remainder when x is divided by 70?
69
Suppose y + 13 - 129 = -3*w, -4*w = -4*y + 384. Suppose 2*n = 1 + 3. Suppose -2*g - f = -4*f - 58, -n = f. What is the remainder when y is divided by g?
23
Suppose 3*f = -d - 54 + 9, -3*f - 5*d = 45. Let z = f + 20. Suppose -z*o - 5 + 10 = 0. What is the remainder when 2 is divided by o?
0
Suppose 50*b - 44*b = 78. Let d(a) = -5*a**3 - 2*a**2 - 2*a. Calculate the remainder when d(-2) is divided by b.
10
Let x(t) = 2*t + 20. Let p be x(-11). Let h = 2 + p. Suppose -3*g + 42 = 3*q, h = -2*g - 3*g + q + 52. Calculate the remainder when 20 is divided by g.
9
Suppose -2*b + 430 = 3*q, -2*b = -b - 5*q - 189. Suppose b = 4*x + 3*w, -6 = x + 3*w - 47. Calculate the remainder when x is divided by ((0 + 2)*-19)/(-2).
18
Suppose 3*s - 1 = 2, -3*a + 4*s + 8 = 0. Suppose -a*k + 297 = 109. Suppose 105*p - 3*p - 1356 = -11*p. What is the remainder when k is divided by p?
11
Suppose 5*c + 4 = -6. Calculate the remainder when 6 is divided by c/(-5) - (-65)/25.
0
Let z(w) = 15*w**3 + 2*w**2 - 2. Let x be z(-2). Let b = 195 + x. Suppose 5*p - 68 = 2*l + 41, -4*p + 3*l = -90. Calculate the remainder when b is divided by p.
18
Let h(y) = 3*y**2 + 13*y - 48. Calculate the remainder when 374 is divided by h(-10).
8
What is the remainder when 15 is divided by 3/2*(10 - (0 - -2))?
3
S